{"id":3193,"date":"2024-09-24T21:46:45","date_gmt":"2024-09-24T19:46:45","guid":{"rendered":"https:\/\/www.dr-seidlitz.de\/wordpress\/?page_id=3193"},"modified":"2024-09-24T21:56:37","modified_gmt":"2024-09-24T19:56:37","slug":"prd-partner","status":"publish","type":"page","link":"https:\/\/www.dr-seidlitz.de\/wordpress\/prd-partner\/","title":{"rendered":"Partner"},"content":{"rendered":"<p>[vc_row devn_padding_bottom=&#8220;50&#8243;][vc_column][vc_column_text]<\/p>\n<h2 style=\"text-align: center;\">Ein solides Qualit\u00e4ts-Netzwerk aufzubauen ist ohne starke Partner nicht m\u00f6glich.<\/h2>\n<p style=\"text-align: center;\">Deshalb arbeiten wir vertrauensvoll mit den genannten Firmen und Institutionen zusammen. Sind auch Sie Partner des Ingenieurb\u00fcros Dr.\u00a0Seidlitz, aber bisher nicht aufgef\u00fchrt, dann senden Sie uns eine <a href=\"mailto:info@dr-seidlitz.de?subject=partner_werden\">eMail<\/a>.<\/p>\n<p>[\/vc_column_text][\/vc_column][\/vc_row][vc_row][vc_column width=&#8220;1\/2&#8243;][vc_column_text]<\/p>\n<p style=\"text-align: center;\"><img loading=\"lazy\" decoding=\"async\" class=\"alignnone size-full wp-image-2806\" src=\"https:\/\/www.dr-seidlitz.de\/wordpress\/wp-content\/uploads\/2016\/10\/dgq-1.jpg\" alt=\"Deutsche Gesellschaft f\u00fcr Qualit\u00e4t\" width=\"197\" height=\"111\" \/><\/p>\n<p style=\"text-align: center;\">Deutsche Gesellschaft<br \/>f\u00fcr Qualit\u00e4t e.V. (DGQ)<br \/>Frankfurt\/Main<br \/><a href=\"http:\/\/www.dgq.de\" target=\"link\" rel=\"noopener\">www.dgq.de<\/a><\/p>\n<p style=\"text-align: center;\">\u00a0<\/p>\n<p>[\/vc_column_text][\/vc_column][vc_column width=&#8220;1\/2&#8243;][vc_column_text]<\/p>\n<p style=\"text-align: center;\"><img loading=\"lazy\" decoding=\"async\" class=\"alignnone size-full wp-image-2810\" src=\"https:\/\/www.dr-seidlitz.de\/wordpress\/wp-content\/uploads\/2016\/10\/rotarylogo-2.jpg\" alt=\"Rotary International\" width=\"197\" height=\"111\" \/><\/p>\n<p style=\"text-align: center;\">Rotary Club Kloster Zinna<br \/><a href=\"http:\/\/www.rc-kloster-zinna.de\" target=\"link\" rel=\"noopener\">www.rc-kloster-zinna.de<\/a><\/p>\n<p>[\/vc_column_text][\/vc_column][\/vc_row][vc_row][vc_column][vc_empty_space height=&#8220;100&#8243;][vc_column_text]<\/p>\n<h3 style=\"text-align: center;\">\u00dcbrigens erkennt man gute Qualit\u00e4tsmanagement-Berater manchmal schon am Auto-Kennzeichen:<\/h3>\n<p>[\/vc_column_text][vc_empty_space height=&#8220;50&#8243;][\/vc_column][\/vc_row][vc_row][vc_column width=&#8220;1\/3&#8243;][vc_column_text]<\/p>\n<p>[\/vc_column_text][\/vc_column][vc_column width=&#8220;1\/2&#8243;][vc_column_text]<img loading=\"lazy\" decoding=\"async\" class=\"wp-image-2924 size-full alignnone\" src=\"https:\/\/www.dr-seidlitz.de\/wordpress\/wp-content\/uploads\/2016\/10\/kennzeichenqm111.jpg\" width=\"300\" height=\"90\" \/><\/p>\n<p style=\"text-align: left;\">Dr.-Ing. Frank-Roland Seidlitz, Luckenwalde<\/p>\n<p>[\/vc_column_text][\/vc_column][\/vc_row]<\/p>\n","protected":false},"excerpt":{"rendered":"<p>[vc_row devn_padding_bottom=&#8220;50&#8243;][vc_column][vc_column_text] Ein solides Qualit\u00e4ts-Netzwerk aufzubauen ist ohne starke Partner nicht m\u00f6glich. Deshalb arbeiten wir vertrauensvoll mit den genannten Firmen und Institutionen zusammen. Sind auch Sie Partner des Ingenieurb\u00fcros Dr.\u00a0Seidlitz, aber bisher nicht aufgef\u00fchrt, dann senden Sie uns eine eMail. [\/vc_column_text][\/vc_column][\/vc_row][vc_row][vc_column width=&#8220;1\/2&#8243;][vc_column_text] Deutsche Gesellschaftf\u00fcr Qualit\u00e4t e.V. (DGQ)Frankfurt\/Mainwww.dgq.de \u00a0 [\/vc_column_text][\/vc_column][vc_column width=&#8220;1\/2&#8243;][vc_column_text] Rotary Club Kloster Zinnawww.rc-kloster-zinna.de [\/vc_column_text][\/vc_column][\/vc_row][vc_row][vc_column][vc_empty_space [&hellip;]<\/p>\n","protected":false},"author":4,"featured_media":0,"parent":0,"menu_order":0,"comment_status":"closed","ping_status":"closed","template":"","meta":{"footnotes":""},"class_list":["post-3193","page","type-page","status-publish","hentry"],"yoast_head":"<!-- This site is optimized with the Yoast SEO plugin v24.7 - https:\/\/yoast.com\/wordpress\/plugins\/seo\/ -->\n<title>Partner - Dr. Seidlitz - Ingenieurb\u00fcro<\/title>\n<meta name=\"robots\" content=\"index, follow, max-snippet:-1, max-image-preview:large, max-video-preview:-1\" \/>\n<link rel=\"canonical\" href=\"https:\/\/www.dr-seidlitz.de\/wordpress\/prd-partner\/\" \/>\n<meta property=\"og:locale\" content=\"de_DE\" \/>\n<meta property=\"og:type\" content=\"article\" \/>\n<meta property=\"og:title\" content=\"Partner - Dr. Seidlitz - Ingenieurb\u00fcro\" \/>\n<meta property=\"og:description\" content=\"[vc_row devn_padding_bottom=&#8220;50&#8243;][vc_column][vc_column_text] Ein solides Qualit\u00e4ts-Netzwerk aufzubauen ist ohne starke Partner nicht m\u00f6glich. Deshalb arbeiten wir vertrauensvoll mit den genannten Firmen und Institutionen zusammen. Sind auch Sie Partner des Ingenieurb\u00fcros Dr.\u00a0Seidlitz, aber bisher nicht aufgef\u00fchrt, dann senden Sie uns eine eMail. [\/vc_column_text][\/vc_column][\/vc_row][vc_row][vc_column width=&#8220;1\/2&#8243;][vc_column_text] Deutsche Gesellschaftf\u00fcr Qualit\u00e4t e.V. (DGQ)Frankfurt\/Mainwww.dgq.de \u00a0 [\/vc_column_text][\/vc_column][vc_column width=&#8220;1\/2&#8243;][vc_column_text] Rotary Club Kloster Zinnawww.rc-kloster-zinna.de [\/vc_column_text][\/vc_column][\/vc_row][vc_row][vc_column][vc_empty_space [&hellip;]\" \/>\n<meta property=\"og:url\" content=\"https:\/\/www.dr-seidlitz.de\/wordpress\/prd-partner\/\" \/>\n<meta property=\"og:site_name\" content=\"Dr. Seidlitz - Ingenieurb\u00fcro\" \/>\n<meta property=\"article:modified_time\" content=\"2024-09-24T19:56:37+00:00\" \/>\n<meta property=\"og:image\" content=\"http:\/\/www.dr-seidlitz.de\/wordpress\/wp-content\/uploads\/2016\/10\/dgq-1.jpg\" \/>\n<meta name=\"twitter:card\" content=\"summary_large_image\" \/>\n<meta name=\"twitter:label1\" content=\"Gesch\u00e4tzte Lesezeit\" \/>\n\t<meta name=\"twitter:data1\" content=\"2\u00a0Minuten\" \/>\n<script type=\"application\/ld+json\" class=\"yoast-schema-graph\">{\"@context\":\"https:\/\/schema.org\",\"@graph\":[{\"@type\":\"WebPage\",\"@id\":\"https:\/\/www.dr-seidlitz.de\/wordpress\/prd-partner\/\",\"url\":\"https:\/\/www.dr-seidlitz.de\/wordpress\/prd-partner\/\",\"name\":\"Partner - Dr. Seidlitz - Ingenieurb\u00fcro\",\"isPartOf\":{\"@id\":\"https:\/\/www.dr-seidlitz.de\/wordpress\/#website\"},\"primaryImageOfPage\":{\"@id\":\"https:\/\/www.dr-seidlitz.de\/wordpress\/prd-partner\/#primaryimage\"},\"image\":{\"@id\":\"https:\/\/www.dr-seidlitz.de\/wordpress\/prd-partner\/#primaryimage\"},\"thumbnailUrl\":\"http:\/\/www.dr-seidlitz.de\/wordpress\/wp-content\/uploads\/2016\/10\/dgq-1.jpg\",\"datePublished\":\"2024-09-24T19:46:45+00:00\",\"dateModified\":\"2024-09-24T19:56:37+00:00\",\"breadcrumb\":{\"@id\":\"https:\/\/www.dr-seidlitz.de\/wordpress\/prd-partner\/#breadcrumb\"},\"inLanguage\":\"de\",\"potentialAction\":[{\"@type\":\"ReadAction\",\"target\":[\"https:\/\/www.dr-seidlitz.de\/wordpress\/prd-partner\/\"]}]},{\"@type\":\"ImageObject\",\"inLanguage\":\"de\",\"@id\":\"https:\/\/www.dr-seidlitz.de\/wordpress\/prd-partner\/#primaryimage\",\"url\":\"http:\/\/www.dr-seidlitz.de\/wordpress\/wp-content\/uploads\/2016\/10\/dgq-1.jpg\",\"contentUrl\":\"http:\/\/www.dr-seidlitz.de\/wordpress\/wp-content\/uploads\/2016\/10\/dgq-1.jpg\"},{\"@type\":\"BreadcrumbList\",\"@id\":\"https:\/\/www.dr-seidlitz.de\/wordpress\/prd-partner\/#breadcrumb\",\"itemListElement\":[{\"@type\":\"ListItem\",\"position\":1,\"name\":\"Startseite\",\"item\":\"https:\/\/www.dr-seidlitz.de\/wordpress\/\"},{\"@type\":\"ListItem\",\"position\":2,\"name\":\"Partner\"}]},{\"@type\":\"WebSite\",\"@id\":\"https:\/\/www.dr-seidlitz.de\/wordpress\/#website\",\"url\":\"https:\/\/www.dr-seidlitz.de\/wordpress\/\",\"name\":\"Dr. Seidlitz - Ingenieurb\u00fcro\",\"description\":\"Management Beratung Qualifizierung\",\"potentialAction\":[{\"@type\":\"SearchAction\",\"target\":{\"@type\":\"EntryPoint\",\"urlTemplate\":\"https:\/\/www.dr-seidlitz.de\/wordpress\/?s={search_term_string}\"},\"query-input\":{\"@type\":\"PropertyValueSpecification\",\"valueRequired\":true,\"valueName\":\"search_term_string\"}}],\"inLanguage\":\"de\"}]}<\/script>\n<!-- \/ Yoast SEO plugin. -->","yoast_head_json":{"title":"Partner - Dr. Seidlitz - Ingenieurb\u00fcro","robots":{"index":"index","follow":"follow","max-snippet":"max-snippet:-1","max-image-preview":"max-image-preview:large","max-video-preview":"max-video-preview:-1"},"canonical":"https:\/\/www.dr-seidlitz.de\/wordpress\/prd-partner\/","og_locale":"de_DE","og_type":"article","og_title":"Partner - Dr. Seidlitz - Ingenieurb\u00fcro","og_description":"[vc_row devn_padding_bottom=&#8220;50&#8243;][vc_column][vc_column_text] Ein solides Qualit\u00e4ts-Netzwerk aufzubauen ist ohne starke Partner nicht m\u00f6glich. Deshalb arbeiten wir vertrauensvoll mit den genannten Firmen und Institutionen zusammen. Sind auch Sie Partner des Ingenieurb\u00fcros Dr.\u00a0Seidlitz, aber bisher nicht aufgef\u00fchrt, dann senden Sie uns eine eMail. [\/vc_column_text][\/vc_column][\/vc_row][vc_row][vc_column width=&#8220;1\/2&#8243;][vc_column_text] Deutsche Gesellschaftf\u00fcr Qualit\u00e4t e.V. (DGQ)Frankfurt\/Mainwww.dgq.de \u00a0 [\/vc_column_text][\/vc_column][vc_column width=&#8220;1\/2&#8243;][vc_column_text] Rotary Club Kloster Zinnawww.rc-kloster-zinna.de [\/vc_column_text][\/vc_column][\/vc_row][vc_row][vc_column][vc_empty_space [&hellip;]","og_url":"https:\/\/www.dr-seidlitz.de\/wordpress\/prd-partner\/","og_site_name":"Dr. Seidlitz - Ingenieurb\u00fcro","article_modified_time":"2024-09-24T19:56:37+00:00","og_image":[{"url":"http:\/\/www.dr-seidlitz.de\/wordpress\/wp-content\/uploads\/2016\/10\/dgq-1.jpg","type":"","width":"","height":""}],"twitter_card":"summary_large_image","twitter_misc":{"Gesch\u00e4tzte Lesezeit":"2\u00a0Minuten"},"schema":{"@context":"https:\/\/schema.org","@graph":[{"@type":"WebPage","@id":"https:\/\/www.dr-seidlitz.de\/wordpress\/prd-partner\/","url":"https:\/\/www.dr-seidlitz.de\/wordpress\/prd-partner\/","name":"Partner - Dr. Seidlitz - Ingenieurb\u00fcro","isPartOf":{"@id":"https:\/\/www.dr-seidlitz.de\/wordpress\/#website"},"primaryImageOfPage":{"@id":"https:\/\/www.dr-seidlitz.de\/wordpress\/prd-partner\/#primaryimage"},"image":{"@id":"https:\/\/www.dr-seidlitz.de\/wordpress\/prd-partner\/#primaryimage"},"thumbnailUrl":"http:\/\/www.dr-seidlitz.de\/wordpress\/wp-content\/uploads\/2016\/10\/dgq-1.jpg","datePublished":"2024-09-24T19:46:45+00:00","dateModified":"2024-09-24T19:56:37+00:00","breadcrumb":{"@id":"https:\/\/www.dr-seidlitz.de\/wordpress\/prd-partner\/#breadcrumb"},"inLanguage":"de","potentialAction":[{"@type":"ReadAction","target":["https:\/\/www.dr-seidlitz.de\/wordpress\/prd-partner\/"]}]},{"@type":"ImageObject","inLanguage":"de","@id":"https:\/\/www.dr-seidlitz.de\/wordpress\/prd-partner\/#primaryimage","url":"http:\/\/www.dr-seidlitz.de\/wordpress\/wp-content\/uploads\/2016\/10\/dgq-1.jpg","contentUrl":"http:\/\/www.dr-seidlitz.de\/wordpress\/wp-content\/uploads\/2016\/10\/dgq-1.jpg"},{"@type":"BreadcrumbList","@id":"https:\/\/www.dr-seidlitz.de\/wordpress\/prd-partner\/#breadcrumb","itemListElement":[{"@type":"ListItem","position":1,"name":"Startseite","item":"https:\/\/www.dr-seidlitz.de\/wordpress\/"},{"@type":"ListItem","position":2,"name":"Partner"}]},{"@type":"WebSite","@id":"https:\/\/www.dr-seidlitz.de\/wordpress\/#website","url":"https:\/\/www.dr-seidlitz.de\/wordpress\/","name":"Dr. Seidlitz - Ingenieurb\u00fcro","description":"Management Beratung Qualifizierung","potentialAction":[{"@type":"SearchAction","target":{"@type":"EntryPoint","urlTemplate":"https:\/\/www.dr-seidlitz.de\/wordpress\/?s={search_term_string}"},"query-input":{"@type":"PropertyValueSpecification","valueRequired":true,"valueName":"search_term_string"}}],"inLanguage":"de"}]}},"_links":{"self":[{"href":"https:\/\/www.dr-seidlitz.de\/wordpress\/wp-json\/wp\/v2\/pages\/3193","targetHints":{"allow":["GET"]}}],"collection":[{"href":"https:\/\/www.dr-seidlitz.de\/wordpress\/wp-json\/wp\/v2\/pages"}],"about":[{"href":"https:\/\/www.dr-seidlitz.de\/wordpress\/wp-json\/wp\/v2\/types\/page"}],"author":[{"embeddable":true,"href":"https:\/\/www.dr-seidlitz.de\/wordpress\/wp-json\/wp\/v2\/users\/4"}],"replies":[{"embeddable":true,"href":"https:\/\/www.dr-seidlitz.de\/wordpress\/wp-json\/wp\/v2\/comments?post=3193"}],"version-history":[{"count":4,"href":"https:\/\/www.dr-seidlitz.de\/wordpress\/wp-json\/wp\/v2\/pages\/3193\/revisions"}],"predecessor-version":[{"id":3320,"href":"https:\/\/www.dr-seidlitz.de\/wordpress\/wp-json\/wp\/v2\/pages\/3193\/revisions\/3320"}],"wp:attachment":[{"href":"https:\/\/www.dr-seidlitz.de\/wordpress\/wp-json\/wp\/v2\/media?parent=3193"}],"curies":[{"name":"wp","href":"https:\/\/api.w.org\/{rel}","templated":true}]}}